{"id":35,"date":"2019-06-28T21:36:59","date_gmt":"2019-06-28T19:36:59","guid":{"rendered":"https:\/\/labaiebleu.fr\/?page_id=35"},"modified":"2025-06-27T18:01:11","modified_gmt":"2025-06-27T16:01:11","slug":"nos-varietes","status":"publish","type":"page","link":"https:\/\/labaiebleu.fr\/index.php\/nos-varietes\/","title":{"rendered":"Nos Vari\u00e9t\u00e9s"},"content":{"rendered":"\n<figure class=\"wp-block-image size-full is-resized\"><img fetchpriority=\"high\" decoding=\"async\" width=\"400\" height=\"400\" src=\"https:\/\/labaiebleu.fr\/wp-content\/uploads\/2025\/06\/myrtille-patriot-1.jpg\" alt=\"\" class=\"wp-image-403\" style=\"width:258px;height:auto\" srcset=\"https:\/\/labaiebleu.fr\/wp-content\/uploads\/2025\/06\/myrtille-patriot-1.jpg 400w, https:\/\/labaiebleu.fr\/wp-content\/uploads\/2025\/06\/myrtille-patriot-1-300x300.jpg 300w, https:\/\/labaiebleu.fr\/wp-content\/uploads\/2025\/06\/myrtille-patriot-1-150x150.jpg 150w\" sizes=\"(max-width: 400px) 85vw, 400px\" \/><\/figure>\n\n\n\n<figure class=\"wp-block-table\"><table class=\"has-fixed-layout\"><thead><tr><th><strong>Vari\u00e9t\u00e9<\/strong><\/th><th><strong>P\u00e9riode estim\u00e9e<\/strong><\/th><th><strong>Taille du fruit<\/strong><\/th><th><strong>Description simple<\/strong><\/th><\/tr><\/thead><tbody><tr><td>Bluetta<\/td><td>Fin juin \u2013 d\u00e9but juillet<\/td><td>Moyen \u00e0 gros<\/td><td>Tr\u00e8s rustique, bon rendement, fruit sucr\u00e9.<\/td><\/tr><tr><td>Duke<\/td><td>D\u00e9but juillet<\/td><td>Moyen \u00e0 gros<\/td><td>Productif, doux, bon en frais.<\/td><\/tr><tr><td>Paty<\/td><td>D\u00e9but juillet<\/td><td>Petit \u00e0 moyen<\/td><td>Rustique, bonne saveur, id\u00e9ale en climat frais.<\/td><\/tr><tr><td>Patriot<\/td><td>Mi-saison<\/td><td>Gros<\/td><td>R\u00e9sistant au froid, go\u00fbt \u00e9quilibr\u00e9, plante compacte.<\/td><\/tr><tr><td>Collins<\/td><td>D\u00e9but \u00e0 mi-juillet<\/td><td>Moyen<\/td><td>Parfum\u00e9e, bon rendement, pousse bien en altitude.<\/td><\/tr><tr><td>Bluecrop<\/td><td>Mi-saison<\/td><td>Moyen \u00e0 gros<\/td><td>Tr\u00e8s fiable, saveur douce-acidul\u00e9e, bonne production.<\/td><\/tr><tr><td>Rancocas<\/td><td>Mi-saison<\/td><td>Petit \u00e0 moyen<\/td><td>Bonne pour la cuisson, saveur fine, peu connue.<\/td><\/tr><tr><td>Berkeley<\/td><td>Mi-saison \u00e0 tardive<\/td><td>Gros<\/td><td>Vigoureuse, fruit ferme, adapt\u00e9e au climat frais.<\/td><\/tr><tr><td>Darrow<\/td><td>Tardive<\/td><td>Tr\u00e8s gros<\/td><td>Tr\u00e8s parfum\u00e9e, ferme, parfaite \u00e0 croquer.<\/td><\/tr><\/tbody><\/table><\/figure>\n\n\n\n<p><\/p>\n","protected":false},"excerpt":{"rendered":"<p>Vari\u00e9t\u00e9 P\u00e9riode estim\u00e9e Taille du fruit Description simple Bluetta Fin juin \u2013 d\u00e9but juillet Moyen \u00e0 gros Tr\u00e8s rustique, bon rendement, fruit sucr\u00e9. Duke D\u00e9but juillet Moyen \u00e0 gros Productif, doux, bon en frais. Paty D\u00e9but juillet Petit \u00e0 moyen Rustique, bonne saveur, id\u00e9ale en climat frais. Patriot Mi-saison Gros R\u00e9sistant au froid, go\u00fbt \u00e9quilibr\u00e9, &hellip; <a href=\"https:\/\/labaiebleu.fr\/index.php\/nos-varietes\/\" class=\"more-link\">Continuer la lecture<span class=\"screen-reader-text\"> de &laquo;&nbsp;Nos Vari\u00e9t\u00e9s&nbsp;&raquo;<\/span><\/a><\/p>\n","protected":false},"author":1,"featured_media":0,"parent":0,"menu_order":0,"comment_status":"closed","ping_status":"closed","template":"","meta":{"_monsterinsights_skip_tracking":false,"_monsterinsights_sitenote_active":false,"_monsterinsights_sitenote_note":"","_monsterinsights_sitenote_category":0,"footnotes":""},"class_list":["post-35","page","type-page","status-publish","hentry"],"yoast_head":"<!-- This site is optimized with the Yoast SEO plugin v27.4 - https:\/\/yoast.com\/product\/yoast-seo-wordpress\/ -->\n<title>Nos Vari\u00e9t\u00e9s - Verger La baie bleue<\/title>\n<meta name=\"robots\" content=\"index, follow, max-snippet:-1, max-image-preview:large, max-video-preview:-1\" \/>\n<link rel=\"canonical\" href=\"http:\/\/labaiebleu.fr\/index.php\/nos-varietes\/\" \/>\n<meta property=\"og:locale\" content=\"fr_FR\" \/>\n<meta property=\"og:type\" content=\"article\" \/>\n<meta property=\"og:title\" content=\"Nos Vari\u00e9t\u00e9s - Verger La baie bleue\" \/>\n<meta property=\"og:description\" content=\"Vari\u00e9t\u00e9 P\u00e9riode estim\u00e9e Taille du fruit Description simple Bluetta Fin juin \u2013 d\u00e9but juillet Moyen \u00e0 gros Tr\u00e8s rustique, bon rendement, fruit sucr\u00e9. Duke D\u00e9but juillet Moyen \u00e0 gros Productif, doux, bon en frais. Paty D\u00e9but juillet Petit \u00e0 moyen Rustique, bonne saveur, id\u00e9ale en climat frais. Patriot Mi-saison Gros R\u00e9sistant au froid, go\u00fbt \u00e9quilibr\u00e9, &hellip; Continuer la lecture de &laquo;&nbsp;Nos Vari\u00e9t\u00e9s&nbsp;&raquo;\" \/>\n<meta property=\"og:url\" content=\"http:\/\/labaiebleu.fr\/index.php\/nos-varietes\/\" \/>\n<meta property=\"og:site_name\" content=\"Verger La baie bleue\" \/>\n<meta property=\"article:publisher\" content=\"https:\/\/labaiebleu.fr\" \/>\n<meta property=\"article:modified_time\" content=\"2025-06-27T16:01:11+00:00\" \/>\n<meta property=\"og:image\" content=\"https:\/\/labaiebleu.fr\/wp-content\/uploads\/2025\/06\/myrtille-patriot-1.jpg\" \/>\n<meta name=\"twitter:card\" content=\"summary_large_image\" \/>\n<meta name=\"twitter:label1\" content=\"Dur\u00e9e de lecture estim\u00e9e\" \/>\n\t<meta name=\"twitter:data1\" content=\"1 minute\" \/>\n<script type=\"application\/ld+json\" class=\"yoast-schema-graph\">{\"@context\":\"https:\\\/\\\/schema.org\",\"@graph\":[{\"@type\":\"WebPage\",\"@id\":\"http:\\\/\\\/labaiebleu.fr\\\/index.php\\\/nos-varietes\\\/\",\"url\":\"http:\\\/\\\/labaiebleu.fr\\\/index.php\\\/nos-varietes\\\/\",\"name\":\"Nos Vari\u00e9t\u00e9s - Verger La baie bleue\",\"isPartOf\":{\"@id\":\"http:\\\/\\\/labaiebleu.fr\\\/#website\"},\"primaryImageOfPage\":{\"@id\":\"http:\\\/\\\/labaiebleu.fr\\\/index.php\\\/nos-varietes\\\/#primaryimage\"},\"image\":{\"@id\":\"http:\\\/\\\/labaiebleu.fr\\\/index.php\\\/nos-varietes\\\/#primaryimage\"},\"thumbnailUrl\":\"https:\\\/\\\/labaiebleu.fr\\\/wp-content\\\/uploads\\\/2025\\\/06\\\/myrtille-patriot-1.jpg\",\"datePublished\":\"2019-06-28T19:36:59+00:00\",\"dateModified\":\"2025-06-27T16:01:11+00:00\",\"breadcrumb\":{\"@id\":\"http:\\\/\\\/labaiebleu.fr\\\/index.php\\\/nos-varietes\\\/#breadcrumb\"},\"inLanguage\":\"fr-FR\",\"potentialAction\":[{\"@type\":\"ReadAction\",\"target\":[\"http:\\\/\\\/labaiebleu.fr\\\/index.php\\\/nos-varietes\\\/\"]}]},{\"@type\":\"ImageObject\",\"inLanguage\":\"fr-FR\",\"@id\":\"http:\\\/\\\/labaiebleu.fr\\\/index.php\\\/nos-varietes\\\/#primaryimage\",\"url\":\"https:\\\/\\\/labaiebleu.fr\\\/wp-content\\\/uploads\\\/2025\\\/06\\\/myrtille-patriot-1.jpg\",\"contentUrl\":\"https:\\\/\\\/labaiebleu.fr\\\/wp-content\\\/uploads\\\/2025\\\/06\\\/myrtille-patriot-1.jpg\",\"width\":400,\"height\":400},{\"@type\":\"BreadcrumbList\",\"@id\":\"http:\\\/\\\/labaiebleu.fr\\\/index.php\\\/nos-varietes\\\/#breadcrumb\",\"itemListElement\":[{\"@type\":\"ListItem\",\"position\":1,\"name\":\"Accueil\",\"item\":\"http:\\\/\\\/labaiebleu.fr\\\/\"},{\"@type\":\"ListItem\",\"position\":2,\"name\":\"Nos Vari\u00e9t\u00e9s\"}]},{\"@type\":\"WebSite\",\"@id\":\"http:\\\/\\\/labaiebleu.fr\\\/#website\",\"url\":\"http:\\\/\\\/labaiebleu.fr\\\/\",\"name\":\"La baie bleue\",\"description\":\"Verger de Myrtilles\",\"potentialAction\":[{\"@type\":\"SearchAction\",\"target\":{\"@type\":\"EntryPoint\",\"urlTemplate\":\"http:\\\/\\\/labaiebleu.fr\\\/?s={search_term_string}\"},\"query-input\":{\"@type\":\"PropertyValueSpecification\",\"valueRequired\":true,\"valueName\":\"search_term_string\"}}],\"inLanguage\":\"fr-FR\"}]}<\/script>\n<!-- \/ Yoast SEO plugin. -->","yoast_head_json":{"title":"Nos Vari\u00e9t\u00e9s - Verger La baie bleue","robots":{"index":"index","follow":"follow","max-snippet":"max-snippet:-1","max-image-preview":"max-image-preview:large","max-video-preview":"max-video-preview:-1"},"canonical":"http:\/\/labaiebleu.fr\/index.php\/nos-varietes\/","og_locale":"fr_FR","og_type":"article","og_title":"Nos Vari\u00e9t\u00e9s - Verger La baie bleue","og_description":"Vari\u00e9t\u00e9 P\u00e9riode estim\u00e9e Taille du fruit Description simple Bluetta Fin juin \u2013 d\u00e9but juillet Moyen \u00e0 gros Tr\u00e8s rustique, bon rendement, fruit sucr\u00e9. Duke D\u00e9but juillet Moyen \u00e0 gros Productif, doux, bon en frais. Paty D\u00e9but juillet Petit \u00e0 moyen Rustique, bonne saveur, id\u00e9ale en climat frais. Patriot Mi-saison Gros R\u00e9sistant au froid, go\u00fbt \u00e9quilibr\u00e9, &hellip; Continuer la lecture de &laquo;&nbsp;Nos Vari\u00e9t\u00e9s&nbsp;&raquo;","og_url":"http:\/\/labaiebleu.fr\/index.php\/nos-varietes\/","og_site_name":"Verger La baie bleue","article_publisher":"https:\/\/labaiebleu.fr","article_modified_time":"2025-06-27T16:01:11+00:00","og_image":[{"url":"https:\/\/labaiebleu.fr\/wp-content\/uploads\/2025\/06\/myrtille-patriot-1.jpg","type":"","width":"","height":""}],"twitter_card":"summary_large_image","twitter_misc":{"Dur\u00e9e de lecture estim\u00e9e":"1 minute"},"schema":{"@context":"https:\/\/schema.org","@graph":[{"@type":"WebPage","@id":"http:\/\/labaiebleu.fr\/index.php\/nos-varietes\/","url":"http:\/\/labaiebleu.fr\/index.php\/nos-varietes\/","name":"Nos Vari\u00e9t\u00e9s - Verger La baie bleue","isPartOf":{"@id":"http:\/\/labaiebleu.fr\/#website"},"primaryImageOfPage":{"@id":"http:\/\/labaiebleu.fr\/index.php\/nos-varietes\/#primaryimage"},"image":{"@id":"http:\/\/labaiebleu.fr\/index.php\/nos-varietes\/#primaryimage"},"thumbnailUrl":"https:\/\/labaiebleu.fr\/wp-content\/uploads\/2025\/06\/myrtille-patriot-1.jpg","datePublished":"2019-06-28T19:36:59+00:00","dateModified":"2025-06-27T16:01:11+00:00","breadcrumb":{"@id":"http:\/\/labaiebleu.fr\/index.php\/nos-varietes\/#breadcrumb"},"inLanguage":"fr-FR","potentialAction":[{"@type":"ReadAction","target":["http:\/\/labaiebleu.fr\/index.php\/nos-varietes\/"]}]},{"@type":"ImageObject","inLanguage":"fr-FR","@id":"http:\/\/labaiebleu.fr\/index.php\/nos-varietes\/#primaryimage","url":"https:\/\/labaiebleu.fr\/wp-content\/uploads\/2025\/06\/myrtille-patriot-1.jpg","contentUrl":"https:\/\/labaiebleu.fr\/wp-content\/uploads\/2025\/06\/myrtille-patriot-1.jpg","width":400,"height":400},{"@type":"BreadcrumbList","@id":"http:\/\/labaiebleu.fr\/index.php\/nos-varietes\/#breadcrumb","itemListElement":[{"@type":"ListItem","position":1,"name":"Accueil","item":"http:\/\/labaiebleu.fr\/"},{"@type":"ListItem","position":2,"name":"Nos Vari\u00e9t\u00e9s"}]},{"@type":"WebSite","@id":"http:\/\/labaiebleu.fr\/#website","url":"http:\/\/labaiebleu.fr\/","name":"La baie bleue","description":"Verger de Myrtilles","potentialAction":[{"@type":"SearchAction","target":{"@type":"EntryPoint","urlTemplate":"http:\/\/labaiebleu.fr\/?s={search_term_string}"},"query-input":{"@type":"PropertyValueSpecification","valueRequired":true,"valueName":"search_term_string"}}],"inLanguage":"fr-FR"}]}},"_links":{"self":[{"href":"https:\/\/labaiebleu.fr\/index.php\/wp-json\/wp\/v2\/pages\/35","targetHints":{"allow":["GET"]}}],"collection":[{"href":"https:\/\/labaiebleu.fr\/index.php\/wp-json\/wp\/v2\/pages"}],"about":[{"href":"https:\/\/labaiebleu.fr\/index.php\/wp-json\/wp\/v2\/types\/page"}],"author":[{"embeddable":true,"href":"https:\/\/labaiebleu.fr\/index.php\/wp-json\/wp\/v2\/users\/1"}],"replies":[{"embeddable":true,"href":"https:\/\/labaiebleu.fr\/index.php\/wp-json\/wp\/v2\/comments?post=35"}],"version-history":[{"count":6,"href":"https:\/\/labaiebleu.fr\/index.php\/wp-json\/wp\/v2\/pages\/35\/revisions"}],"predecessor-version":[{"id":405,"href":"https:\/\/labaiebleu.fr\/index.php\/wp-json\/wp\/v2\/pages\/35\/revisions\/405"}],"wp:attachment":[{"href":"https:\/\/labaiebleu.fr\/index.php\/wp-json\/wp\/v2\/media?parent=35"}],"curies":[{"name":"wp","href":"https:\/\/api.w.org\/{rel}","templated":true}]}}