{"id":2,"date":"2019-06-28T16:59:48","date_gmt":"2019-06-28T14:59:48","guid":{"rendered":"https:\/\/labaiebleu.fr\/?page_id=2"},"modified":"2025-08-10T21:31:47","modified_gmt":"2025-08-10T19:31:47","slug":"accueil-la-baie-bleue","status":"publish","type":"page","link":"https:\/\/labaiebleu.fr\/","title":{"rendered":"Accueil"},"content":{"rendered":"\t\t<div data-elementor-type=\"wp-page\" data-elementor-id=\"2\" class=\"elementor elementor-2\">\n\t\t\t\t\t\t<section class=\"elementor-section elementor-top-section elementor-element elementor-element-093c5c0 elementor-section-boxed elementor-section-height-default elementor-section-height-default\" data-id=\"093c5c0\" data-element_type=\"section\" data-e-type=\"section\">\n\t\t\t\t\t\t<div class=\"elementor-container elementor-column-gap-default\">\n\t\t\t\t\t<div class=\"elementor-column elementor-col-100 elementor-top-column elementor-element elementor-element-351d3ed\" data-id=\"351d3ed\" data-element_type=\"column\" data-e-type=\"column\">\n\t\t\t<div class=\"elementor-widget-wrap elementor-element-populated\">\n\t\t\t\t\t\t<div class=\"elementor-element elementor-element-4b2e4b1 elementor-invisible elementor-widget elementor-widget-heading\" data-id=\"4b2e4b1\" data-element_type=\"widget\" data-e-type=\"widget\" data-settings=\"{&quot;_animation&quot;:&quot;fadeInDown&quot;}\" data-widget_type=\"heading.default\">\n\t\t\t\t<div class=\"elementor-widget-container\">\n\t\t\t\t\t<h2 class=\"elementor-heading-title elementor-size-default\">Fin de saison au verger !\nLa saison des myrtilles est maintenant termin\u00e9e.\nUn grand merci \u00e0 toutes celles et ceux qui sont venus cueillir, d\u00e9guster et partager un moment avec nous cet \u00e9t\u00e9. \ud83d\ude4f\nNous vous donnons rendez-vous l\u2019ann\u00e9e prochaine pour une nouvelle r\u00e9colte, toujours avec le sourire et des myrtilles encore plus belles !\n \u00c0 tr\u00e8s bient\u00f4t et encore merci pour votre fid\u00e9lit\u00e9 !\ud83e\uded0\n<\/h2>\t\t\t\t<\/div>\n\t\t\t\t<\/div>\n\t\t\t\t<div class=\"elementor-element elementor-element-716f4b6 elementor-widget elementor-widget-heading\" data-id=\"716f4b6\" data-element_type=\"widget\" data-e-type=\"widget\" data-widget_type=\"heading.default\">\n\t\t\t\t<div class=\"elementor-widget-container\">\n\t\t\t\t\t<h2 class=\"elementor-heading-title elementor-size-default\">Michael est heureux de vous accueillir dans son verger<\/h2>\t\t\t\t<\/div>\n\t\t\t\t<\/div>\n\t\t\t\t<div class=\"elementor-element elementor-element-012e07e elementor-widget elementor-widget-video\" data-id=\"012e07e\" data-element_type=\"widget\" data-e-type=\"widget\" data-settings=\"{&quot;youtube_url&quot;:&quot;https:\\\/\\\/www.youtube.com\\\/watch?v=oRUp7sBCbgg&quot;,&quot;autoplay&quot;:&quot;yes&quot;,&quot;video_type&quot;:&quot;youtube&quot;,&quot;controls&quot;:&quot;yes&quot;}\" data-widget_type=\"video.default\">\n\t\t\t\t<div class=\"elementor-widget-container\">\n\t\t\t\t\t\t\t<div class=\"elementor-wrapper elementor-open-inline\">\n\t\t\t<div class=\"elementor-video\"><\/div>\t\t<\/div>\n\t\t\t\t\t\t<\/div>\n\t\t\t\t<\/div>\n\t\t\t\t\t<\/div>\n\t\t<\/div>\n\t\t\t\t\t<\/div>\n\t\t<\/section>\n\t\t\t\t<section class=\"elementor-section elementor-top-section elementor-element elementor-element-719dacc2 elementor-section-boxed elementor-section-height-default elementor-section-height-default\" data-id=\"719dacc2\" data-element_type=\"section\" data-e-type=\"section\" data-settings=\"{&quot;background_background&quot;:&quot;gradient&quot;}\">\n\t\t\t\t\t\t<div class=\"elementor-container elementor-column-gap-default\">\n\t\t\t\t\t<div class=\"elementor-column elementor-col-100 elementor-top-column elementor-element elementor-element-48f44a78\" data-id=\"48f44a78\" data-element_type=\"column\" data-e-type=\"column\">\n\t\t\t<div class=\"elementor-widget-wrap elementor-element-populated\">\n\t\t\t\t\t\t<div class=\"elementor-element elementor-element-1a2ca4e7 elementor-widget elementor-widget-text-editor\" data-id=\"1a2ca4e7\" data-element_type=\"widget\" data-e-type=\"widget\" data-widget_type=\"text-editor.default\">\n\t\t\t\t<div class=\"elementor-widget-container\">\n\t\t\t\t\t\t\t\t\t<h3>&nbsp;<\/h3>\n<p><!-- \/wp:core-embed\/youtube --><!-- wp:paragraph --><\/p>\n<p>Les myrtilles qui vous sont propos\u00e9es dans notre verger sont des \u00ab\u00a0myrtilles cultiv\u00e9es\u00a0\u00bb, encore appel\u00e9es \u00ab\u00a0myrtilles arbustives\u00a0\u00bb elles sont d&rsquo;origine am\u00e9ricaine. En effet, leur implantation (qui date d&rsquo;une vingtaine d&rsquo;ann\u00e9es) s&rsquo;est faite essentiellement \u00e0 partir de Vaccinium corymbosum, un arbuste s\u00e9lectionn\u00e9 aux USA dans la r\u00e9gion des grands lacs. Comme l&rsquo;indique son surnom \u00ab\u00a0myrtillier g\u00e9ant\u00a0\u00bb, l&rsquo;arbuste peut atteindre 2m et plus. Il fournit les \u00ab\u00a0bleuets en corymbe\u00a0\u00bb; baie dont l&rsquo;\u00e9piderme bleu recouvert de pruine camoufle une chair blanche et qui peuvent se conserver au moins dix jours \u00e0 10\u00b0C. Plusieurs, vari\u00e9t\u00e9s, de pr\u00e9cocit\u00e9 et de qualit\u00e9s technologiques diff\u00e9rentes, ont \u00e9t\u00e9 s\u00e9lectionn\u00e9es. Par rapport aux fruits sauvages les myrtilles sont plus grosses, plus r\u00e9sistantes \u00e0 l&rsquo;\u00e9clatement, de meilleure conservation, plus juteuses, sucr\u00e9es, et agr\u00e9ables \u00e0 consommer \u00e0 l&rsquo;\u00e9tat frais.<\/p>\n<p><!-- \/wp:paragraph --><!-- wp:paragraph {\"align\":\"center\",\"fontSize\":\"medium\"} --><\/p>\n<p class=\"has-text-align-center has-medium-font-size\"><strong>Toutes nos myrtilles sont cueillies manuellement<\/strong><\/p>\n<p><!-- \/wp:paragraph --><!-- wp:paragraph {\"align\":\"center\"} --><\/p>\n<p class=\"has-text-align-center\">Point de vente sur place avec possibilit\u00e9 de cueillir vous m\u00eame si vous le d\u00e9sirez<br>Vente de confiture.<\/p>\n<p><!-- \/wp:paragraph --><!-- wp:paragraph {\"align\":\"center\"} --><\/p>\n<p class=\"has-text-align-center\"><strong>TARIF:<\/strong> Cueillette 5,00\u20ac le Kg, Vente direct 8,00\u20ac le Kg<\/p>\n<p class=\"has-text-align-center\">Pot Confiture 5,00\u20ac<\/p><p class=\"has-text-align-center\"><br><\/p>\n<p><!-- \/wp:paragraph --><!-- wp:separator --><\/p>\n<hr class=\"wp-block-separator\">\n<p><!-- \/wp:separator --><!-- wp:paragraph {\"align\":\"center\"} --><!-- \/wp:paragraph --><!-- wp:paragraph {\"align\":\"center\"} --><\/p>\n<p class=\"has-text-align-center\">*issue d&rsquo;une culture raisonn\u00e9e aux engrais d&rsquo;origine biologiques<\/p>\n<p><!-- \/wp:paragraph --><!-- wp:columns --><\/p>\n<div class=\"wp-block-columns\">\n<p><!-- wp:column --><\/p>\n<div class=\"wp-block-column\">\n<p><!-- wp:image {\"align\":\"center\",\"id\":145,\"width\":259,\"height\":345,\"sizeSlug\":\"large\",\"linkDestination\":\"media\"} --><\/p>\n<div class=\"wp-block-image\">&nbsp;<\/div>\n<p><!-- \/wp:image --><\/p>\n<\/div>\n<p><!-- \/wp:column --><!-- wp:column --><\/p>\n<div class=\"wp-block-column\">\n<p><!-- wp:image {\"id\":146,\"width\":239,\"height\":349,\"sizeSlug\":\"large\",\"linkDestination\":\"media\"} --><\/p>\n<figure class=\"wp-block-image size-large is-resized\"><\/figure>\n<p><!-- \/wp:image --><\/p>\n<\/div>\n<p><!-- \/wp:column --><\/p><p><br><\/p>\n<\/div>\n<p><!-- \/wp:columns --><\/p>\t\t\t\t\t\t\t\t<\/div>\n\t\t\t\t<\/div>\n\t\t\t\t\t<\/div>\n\t\t<\/div>\n\t\t\t\t\t<\/div>\n\t\t<\/section>\n\t\t\t\t<section class=\"elementor-section elementor-top-section elementor-element elementor-element-07e3088 elementor-section-boxed elementor-section-height-default elementor-section-height-default\" data-id=\"07e3088\" data-element_type=\"section\" data-e-type=\"section\">\n\t\t\t\t\t\t<div class=\"elementor-container elementor-column-gap-default\">\n\t\t\t\t\t<div class=\"elementor-column elementor-col-100 elementor-top-column elementor-element elementor-element-5d2fe68\" data-id=\"5d2fe68\" data-element_type=\"column\" data-e-type=\"column\">\n\t\t\t<div class=\"elementor-widget-wrap elementor-element-populated\">\n\t\t\t\t\t\t<div class=\"elementor-element elementor-element-2d7af9b elementor-widget elementor-widget-image\" data-id=\"2d7af9b\" data-element_type=\"widget\" data-e-type=\"widget\" data-widget_type=\"image.default\">\n\t\t\t\t<div class=\"elementor-widget-container\">\n\t\t\t\t\t\t\t\t\t\t\t\t\t\t\t<img fetchpriority=\"high\" decoding=\"async\" width=\"840\" height=\"630\" src=\"https:\/\/labaiebleu.fr\/wp-content\/uploads\/2025\/08\/1000023307-1024x768.jpg\" class=\"attachment-large size-large wp-image-448\" alt=\"\" srcset=\"https:\/\/labaiebleu.fr\/wp-content\/uploads\/2025\/08\/1000023307-1024x768.jpg 1024w, https:\/\/labaiebleu.fr\/wp-content\/uploads\/2025\/08\/1000023307-300x225.jpg 300w, https:\/\/labaiebleu.fr\/wp-content\/uploads\/2025\/08\/1000023307-768x576.jpg 768w, https:\/\/labaiebleu.fr\/wp-content\/uploads\/2025\/08\/1000023307-1536x1152.jpg 1536w, https:\/\/labaiebleu.fr\/wp-content\/uploads\/2025\/08\/1000023307-2048x1536.jpg 2048w, https:\/\/labaiebleu.fr\/wp-content\/uploads\/2025\/08\/1000023307-1200x900.jpg 1200w\" sizes=\"(max-width: 709px) 85vw, (max-width: 909px) 67vw, (max-width: 1362px) 62vw, 840px\" \/>\t\t\t\t\t\t\t\t\t\t\t\t\t\t\t<\/div>\n\t\t\t\t<\/div>\n\t\t\t\t\t<\/div>\n\t\t<\/div>\n\t\t\t\t\t<\/div>\n\t\t<\/section>\n\t\t\t\t<section class=\"elementor-section elementor-top-section elementor-element elementor-element-2cc9ae2 elementor-section-boxed elementor-section-height-default elementor-section-height-default\" data-id=\"2cc9ae2\" data-element_type=\"section\" data-e-type=\"section\">\n\t\t\t\t\t\t<div class=\"elementor-container elementor-column-gap-default\">\n\t\t\t\t\t<div class=\"elementor-column elementor-col-100 elementor-top-column elementor-element elementor-element-7f06232\" data-id=\"7f06232\" data-element_type=\"column\" data-e-type=\"column\">\n\t\t\t<div class=\"elementor-widget-wrap elementor-element-populated\">\n\t\t\t\t\t\t<div class=\"elementor-element elementor-element-9e68bca elementor-widget elementor-widget-image\" data-id=\"9e68bca\" data-element_type=\"widget\" data-e-type=\"widget\" data-widget_type=\"image.default\">\n\t\t\t\t<div class=\"elementor-widget-container\">\n\t\t\t\t\t\t\t\t\t\t\t\t\t\t\t<img decoding=\"async\" width=\"840\" height=\"630\" src=\"https:\/\/labaiebleu.fr\/wp-content\/uploads\/2025\/08\/1000023306-1024x768.jpg\" class=\"attachment-large size-large wp-image-449\" alt=\"\" srcset=\"https:\/\/labaiebleu.fr\/wp-content\/uploads\/2025\/08\/1000023306-1024x768.jpg 1024w, https:\/\/labaiebleu.fr\/wp-content\/uploads\/2025\/08\/1000023306-300x225.jpg 300w, https:\/\/labaiebleu.fr\/wp-content\/uploads\/2025\/08\/1000023306-768x576.jpg 768w, https:\/\/labaiebleu.fr\/wp-content\/uploads\/2025\/08\/1000023306-1536x1152.jpg 1536w, https:\/\/labaiebleu.fr\/wp-content\/uploads\/2025\/08\/1000023306-2048x1536.jpg 2048w, https:\/\/labaiebleu.fr\/wp-content\/uploads\/2025\/08\/1000023306-1200x900.jpg 1200w\" sizes=\"(max-width: 709px) 85vw, (max-width: 909px) 67vw, (max-width: 1362px) 62vw, 840px\" \/>\t\t\t\t\t\t\t\t\t\t\t\t\t\t\t<\/div>\n\t\t\t\t<\/div>\n\t\t\t\t\t<\/div>\n\t\t<\/div>\n\t\t\t\t\t<\/div>\n\t\t<\/section>\n\t\t\t\t<\/div>\n\t\t","protected":false},"excerpt":{"rendered":"<p>Fin de saison au verger ! La saison des myrtilles est maintenant termin\u00e9e. Un grand merci \u00e0 toutes celles et ceux qui sont venus cueillir, d\u00e9guster et partager un moment avec nous cet \u00e9t\u00e9. \ud83d\ude4f Nous vous donnons rendez-vous l\u2019ann\u00e9e prochaine pour une nouvelle r\u00e9colte, toujours avec le sourire et des myrtilles encore plus belles &hellip; <a href=\"https:\/\/labaiebleu.fr\/\" class=\"more-link\">Continuer la lecture<span class=\"screen-reader-text\"> de &laquo;&nbsp;Accueil&nbsp;&raquo;<\/span><\/a><\/p>\n","protected":false},"author":1,"featured_media":0,"parent":0,"menu_order":0,"comment_status":"closed","ping_status":"open","template":"","meta":{"_monsterinsights_skip_tracking":false,"_monsterinsights_sitenote_active":false,"_monsterinsights_sitenote_note":"","_monsterinsights_sitenote_category":0,"footnotes":""},"class_list":["post-2","page","type-page","status-publish","hentry"],"yoast_head":"<!-- This site is optimized with the Yoast SEO plugin v27.4 - https:\/\/yoast.com\/product\/yoast-seo-wordpress\/ -->\n<title>Accueil - Verger La baie bleue<\/title>\n<meta name=\"description\" content=\"Nathalie et Albert vous invite \u00e0 visiter et venir cueillir dans leurs verger de myrtilles \u00e0 le Cher commune d&#039;ars, des myrtilles de tr\u00e9s grande qualit\u00e9s\" \/>\n<meta name=\"robots\" content=\"index, follow, max-snippet:-1, max-image-preview:large, max-video-preview:-1\" \/>\n<link rel=\"canonical\" href=\"http:\/\/labaiebleu.fr\/\" \/>\n<meta property=\"og:locale\" content=\"fr_FR\" \/>\n<meta property=\"og:type\" content=\"article\" \/>\n<meta property=\"og:title\" content=\"Accueil - Verger La baie bleue\" \/>\n<meta property=\"og:description\" content=\"Nathalie et Albert vous invite \u00e0 visiter et venir cueillir dans leurs verger de myrtilles \u00e0 le Cher commune d&#039;ars, des myrtilles de tr\u00e9s grande qualit\u00e9s\" \/>\n<meta property=\"og:url\" content=\"http:\/\/labaiebleu.fr\/\" \/>\n<meta property=\"og:site_name\" content=\"Verger La baie bleue\" \/>\n<meta property=\"article:publisher\" content=\"https:\/\/labaiebleu.fr\" \/>\n<meta property=\"article:modified_time\" content=\"2025-08-10T19:31:47+00:00\" \/>\n<meta property=\"og:image\" content=\"http:\/\/labaiebleu.fr\/wp-content\/uploads\/2025\/08\/1000023307-1024x768.jpg\" \/>\n<meta name=\"twitter:card\" content=\"summary_large_image\" \/>\n<meta name=\"twitter:label1\" content=\"Dur\u00e9e de lecture estim\u00e9e\" \/>\n\t<meta name=\"twitter:data1\" content=\"3 minutes\" \/>\n<script type=\"application\/ld+json\" class=\"yoast-schema-graph\">{\"@context\":\"https:\\\/\\\/schema.org\",\"@graph\":[{\"@type\":\"WebPage\",\"@id\":\"http:\\\/\\\/labaiebleu.fr\\\/\",\"url\":\"http:\\\/\\\/labaiebleu.fr\\\/\",\"name\":\"Accueil - Verger La baie bleue\",\"isPartOf\":{\"@id\":\"http:\\\/\\\/labaiebleu.fr\\\/#website\"},\"primaryImageOfPage\":{\"@id\":\"http:\\\/\\\/labaiebleu.fr\\\/#primaryimage\"},\"image\":{\"@id\":\"http:\\\/\\\/labaiebleu.fr\\\/#primaryimage\"},\"thumbnailUrl\":\"http:\\\/\\\/labaiebleu.fr\\\/wp-content\\\/uploads\\\/2025\\\/08\\\/1000023307-1024x768.jpg\",\"datePublished\":\"2019-06-28T14:59:48+00:00\",\"dateModified\":\"2025-08-10T19:31:47+00:00\",\"description\":\"Nathalie et Albert vous invite \u00e0 visiter et venir cueillir dans leurs verger de myrtilles \u00e0 le Cher commune d'ars, des myrtilles de tr\u00e9s grande qualit\u00e9s\",\"breadcrumb\":{\"@id\":\"http:\\\/\\\/labaiebleu.fr\\\/#breadcrumb\"},\"inLanguage\":\"fr-FR\",\"potentialAction\":[{\"@type\":\"ReadAction\",\"target\":[\"http:\\\/\\\/labaiebleu.fr\\\/\"]}]},{\"@type\":\"ImageObject\",\"inLanguage\":\"fr-FR\",\"@id\":\"http:\\\/\\\/labaiebleu.fr\\\/#primaryimage\",\"url\":\"https:\\\/\\\/labaiebleu.fr\\\/wp-content\\\/uploads\\\/2025\\\/08\\\/1000023307-scaled.jpg\",\"contentUrl\":\"https:\\\/\\\/labaiebleu.fr\\\/wp-content\\\/uploads\\\/2025\\\/08\\\/1000023307-scaled.jpg\",\"width\":2560,\"height\":1920},{\"@type\":\"BreadcrumbList\",\"@id\":\"http:\\\/\\\/labaiebleu.fr\\\/#breadcrumb\",\"itemListElement\":[{\"@type\":\"ListItem\",\"position\":1,\"name\":\"Accueil\",\"item\":\"http:\\\/\\\/labaiebleu.fr\\\/\"},{\"@type\":\"ListItem\",\"position\":2,\"name\":\"Accueil\"}]},{\"@type\":\"WebSite\",\"@id\":\"http:\\\/\\\/labaiebleu.fr\\\/#website\",\"url\":\"http:\\\/\\\/labaiebleu.fr\\\/\",\"name\":\"La baie bleue\",\"description\":\"Verger de Myrtilles\",\"potentialAction\":[{\"@type\":\"SearchAction\",\"target\":{\"@type\":\"EntryPoint\",\"urlTemplate\":\"http:\\\/\\\/labaiebleu.fr\\\/?s={search_term_string}\"},\"query-input\":{\"@type\":\"PropertyValueSpecification\",\"valueRequired\":true,\"valueName\":\"search_term_string\"}}],\"inLanguage\":\"fr-FR\"}]}<\/script>\n<!-- \/ Yoast SEO plugin. -->","yoast_head_json":{"title":"Accueil - Verger La baie bleue","description":"Nathalie et Albert vous invite \u00e0 visiter et venir cueillir dans leurs verger de myrtilles \u00e0 le Cher commune d'ars, des myrtilles de tr\u00e9s grande qualit\u00e9s","robots":{"index":"index","follow":"follow","max-snippet":"max-snippet:-1","max-image-preview":"max-image-preview:large","max-video-preview":"max-video-preview:-1"},"canonical":"http:\/\/labaiebleu.fr\/","og_locale":"fr_FR","og_type":"article","og_title":"Accueil - Verger La baie bleue","og_description":"Nathalie et Albert vous invite \u00e0 visiter et venir cueillir dans leurs verger de myrtilles \u00e0 le Cher commune d'ars, des myrtilles de tr\u00e9s grande qualit\u00e9s","og_url":"http:\/\/labaiebleu.fr\/","og_site_name":"Verger La baie bleue","article_publisher":"https:\/\/labaiebleu.fr","article_modified_time":"2025-08-10T19:31:47+00:00","og_image":[{"url":"http:\/\/labaiebleu.fr\/wp-content\/uploads\/2025\/08\/1000023307-1024x768.jpg","type":"","width":"","height":""}],"twitter_card":"summary_large_image","twitter_misc":{"Dur\u00e9e de lecture estim\u00e9e":"3 minutes"},"schema":{"@context":"https:\/\/schema.org","@graph":[{"@type":"WebPage","@id":"http:\/\/labaiebleu.fr\/","url":"http:\/\/labaiebleu.fr\/","name":"Accueil - Verger La baie bleue","isPartOf":{"@id":"http:\/\/labaiebleu.fr\/#website"},"primaryImageOfPage":{"@id":"http:\/\/labaiebleu.fr\/#primaryimage"},"image":{"@id":"http:\/\/labaiebleu.fr\/#primaryimage"},"thumbnailUrl":"http:\/\/labaiebleu.fr\/wp-content\/uploads\/2025\/08\/1000023307-1024x768.jpg","datePublished":"2019-06-28T14:59:48+00:00","dateModified":"2025-08-10T19:31:47+00:00","description":"Nathalie et Albert vous invite \u00e0 visiter et venir cueillir dans leurs verger de myrtilles \u00e0 le Cher commune d'ars, des myrtilles de tr\u00e9s grande qualit\u00e9s","breadcrumb":{"@id":"http:\/\/labaiebleu.fr\/#breadcrumb"},"inLanguage":"fr-FR","potentialAction":[{"@type":"ReadAction","target":["http:\/\/labaiebleu.fr\/"]}]},{"@type":"ImageObject","inLanguage":"fr-FR","@id":"http:\/\/labaiebleu.fr\/#primaryimage","url":"https:\/\/labaiebleu.fr\/wp-content\/uploads\/2025\/08\/1000023307-scaled.jpg","contentUrl":"https:\/\/labaiebleu.fr\/wp-content\/uploads\/2025\/08\/1000023307-scaled.jpg","width":2560,"height":1920},{"@type":"BreadcrumbList","@id":"http:\/\/labaiebleu.fr\/#breadcrumb","itemListElement":[{"@type":"ListItem","position":1,"name":"Accueil","item":"http:\/\/labaiebleu.fr\/"},{"@type":"ListItem","position":2,"name":"Accueil"}]},{"@type":"WebSite","@id":"http:\/\/labaiebleu.fr\/#website","url":"http:\/\/labaiebleu.fr\/","name":"La baie bleue","description":"Verger de Myrtilles","potentialAction":[{"@type":"SearchAction","target":{"@type":"EntryPoint","urlTemplate":"http:\/\/labaiebleu.fr\/?s={search_term_string}"},"query-input":{"@type":"PropertyValueSpecification","valueRequired":true,"valueName":"search_term_string"}}],"inLanguage":"fr-FR"}]}},"_links":{"self":[{"href":"https:\/\/labaiebleu.fr\/index.php\/wp-json\/wp\/v2\/pages\/2","targetHints":{"allow":["GET"]}}],"collection":[{"href":"https:\/\/labaiebleu.fr\/index.php\/wp-json\/wp\/v2\/pages"}],"about":[{"href":"https:\/\/labaiebleu.fr\/index.php\/wp-json\/wp\/v2\/types\/page"}],"author":[{"embeddable":true,"href":"https:\/\/labaiebleu.fr\/index.php\/wp-json\/wp\/v2\/users\/1"}],"replies":[{"embeddable":true,"href":"https:\/\/labaiebleu.fr\/index.php\/wp-json\/wp\/v2\/comments?post=2"}],"version-history":[{"count":115,"href":"https:\/\/labaiebleu.fr\/index.php\/wp-json\/wp\/v2\/pages\/2\/revisions"}],"predecessor-version":[{"id":462,"href":"https:\/\/labaiebleu.fr\/index.php\/wp-json\/wp\/v2\/pages\/2\/revisions\/462"}],"wp:attachment":[{"href":"https:\/\/labaiebleu.fr\/index.php\/wp-json\/wp\/v2\/media?parent=2"}],"curies":[{"name":"wp","href":"https:\/\/api.w.org\/{rel}","templated":true}]}}